 t(q) is divided by y?
11
Calculate the remainder when (-14)/4 + -23 + (-6375)/(-102) is divided by 11.
3
Suppose 59824*r - 26344 = 59735*r. What is the remainder when r is divided by 2 - (2 + -3 + -6)?
8
Suppose 17*g + 16 = -18. Calculate the remainder when 183 is divided by ((-2)/g)/((7/217)/1).
28
Suppose 40*k - 1660 = -43*k. Calculate the remainder when 153 is divided by k.
13
What is the remainder when 374 is divided by (18124/(-138))/(6/(-2) - (-14)/6)?
177
Let u(c) = 493*c**3 - 2*c + 1. Suppose 3*g - 2*f = 37, 0 = 829*g - 830*g - f + 14. Calculate the remainder when u(1) is divided by g.
11
Let n be 3*3/(-6)*120/(-18). Suppose -n*g + 832 = 6*g. Calculate the remainder when g is divided by 14.
10
Let f(g) = g**3 - 10*g**2 + 10*g + 5. Let d(r) = -10*r**3 - r**2 + 3*r + 3. Let o be d(-1). Calculate the remainder when 23 is divided by f(o).
9
Let q = 192 - 41. Let w be ((-2 - 0)/((-6)/171))/1. Suppose 65*z + w = 68*z. Calculate the remainder when q is divided by z.
18
What is the remainder when 1025 is divided by 146 + 36 + -40 + 12/3 + 2?
137
Let m be (3 + (0 - 1))*-2*-1. Let t(d) = -d**2 + 4*d + 6. Let h be t(m). Calculate the remainder when (104 - -2) + 5*h/30 is divided by 27.
26
Let g(r) = -10*r + 19*r - 125 - 15*r. What is the remainder when g(-24) is divided by 10?
9
Let o = -3 + -9. Let g = 55 + o. Calculate the remainder when (-12)/27 + (-11)/(-33) - (-5362)/63 is divided by g.
42
Let o(u) = 4*u**3 - 52*u**2 + 11*u + 15. Let c be o(12). Let z = c + 443. Calculate the remainder when 208 is divided by z.
12
Let z(s) = -s**3 + 5*s**2 + 7*s. Suppose 20*a - 24*a + 3*y + 22 = 0, 4*a - 2*y - 24 = 0. What is the remainder when z(5) is divided by a?
0
Let h(z) = 11*z**2 - z - 19. Let k be h(-4). Let p = k + -148. Let c(x) = -12*x**3 + 2*x**2 + 3*x + 3. What is the remainder when c(-2) is divided by p?
10
Suppose 28*q - 41*q + 234 = 0. Suppose 6*n - 20 - 94 = 0. Suppose -132 = -n*v + 17*v. Calculate the remainder when v is divided by q.
12
Let m = 25 - 1. Suppose 13*a = 15 + 37. Suppose -36 = -a*b - 0. Calculate the remainder when m is divided by b.
6
Let z(p) be the third derivative of p**4/6 - 115*p**2. Calculate the remainder when 29 is divided by z(1).
1
Let p(n) = -n**3 - 102*n**2 - 241*n - 3965. What is the remainder when 1846 is divided by p(-100)?
91
What is the remainder when (3160/80)/(2/824) is divided by 217?
216
Let l = 10652 + -10454. What is the remainder when 259 is divided by l?
61
Let b = 139 - 109. Suppose b*n - 27*n - 93 = 0. Suppose 3*a - 2*a = -3*h + 70, -2*a - 2*h + 128 = 0. What is the remainder when a is divided by n?
30
Let q = 87 - 82. Suppose -5*w = -q*l - 90, -4*w + 72 = -3*l - 2*l. Suppose -2*i + 167 = 27. What is the remainder when i is divided by w?
16
Suppose 4*i - 40 - 1182 = k, -4*k - 24 = 0. What is the remainder when 608 is divided by i?
0
Suppose 3*k = 7 - 1. Suppose 4*j = k*n + 50, -n - n = j - 10. Calculate the remainder when (51/(-12) + -4 - (0 - 0))*-4 is divided by j.
9
Let x(w) = -w**3 - 11*w**2 - 20*w + 6. Let s = 137 - 71. Calculate the remainder when s is divided by x(-9).
18
Suppose -3*q = -4*v - 382, -127 = -q + 55*v - 54*v. What is the remainder when 501 is divided by q?
123
What is the remainder when 1413 is divided by (10/2)/(22*125/70950)?
123
Suppose -2*r + 201 - 179 = 0. Suppose -g + 24 = -r. Calculate the remainder when g is divided by 15.
5
Suppose -47*t + 314 = 5*m - 46*t, -247 = -4*m - 5*t. What is the remainder when 21480 is divided by m?
60
Let c be 2526/7 + (-30)/35. Suppose 11*h + c = 35*h. Calculate the remainder when 162 is divided by h.
12
Let w(v) = 143*v**2 - 408*v - 34. What is the remainder when w(7) is divided by 40?
37
Suppose -63 - 84 = -3*r. Suppose -2*c - 53 = -309. Suppose -168 + c = -4*u. Calculate the remainder when r is divided by u.
9
Suppose -461*z - 2014 = -514*z. What is the remainder when 542 is divided by z?
10
Let k be (6/(-5))/((-108)/360). Suppose k*i + 4*j - 240 = 0, 0 - 1 = j. What is the remainder when i is divided by 21?
19
Suppose -4*i = -12, 121*i = -5*l + 122*i + 1827. What is the remainder when l is divided by 185?
181
Let g(k) = k**2 - 96*k + 575. Calculate the remainder when 1222 is divided by g(6).
32
Suppose -2*y - 22 = -g + 1, -y = 2. Let p(f) = f**2 + 3*f - 5. Suppose -28*x + 28 = -24*x. What is the remainder when p(x) is divided by g?
8
Suppose 6*o = 3*o - 3*h + 447, 447 = 3*o - 4*h. Suppose -17*c = -19*c + 38. Calculate the remainder when o is divided by c.
16
Suppose -466 = -2*g + 3*w, 3*g - 669 = -0*g - 3*w. Calculate the remainder when g is divided by 57/(-2)*(-106)/159.
18
Let p = -6024 + 6148. What is the remainder when p is divided by 120?
4
Let a(g) = 33*g**2 - 166*g - 92. Calculate the remainder when a(-13) is divided by 98.
97
Let c(o) = -4*o**2 - 50*o - 20. Let f be c(-12). Suppose -3*q = 2*l - 53, -3*q + 8 + 21 = -f*l. Calculate the remainder when 101 is divided by q.
11
Let t = -11894 - -14111. Calculate the remainder when t is divided by 39.
33
Suppose -2*w + 637 = 5*z, -2*z - 2*w = -z - 121. Calculate the remainder when 376 is divided by z.
118
Suppose 25*z + 242 = 3*w + 20*z, -5*w = -2*z - 416. What is the remainder when w is divided by 81?
3
Suppose -250 = 3*o - 97. What is the remainder when 658 is divided by -1 - (o - 4) - -6?
58
Calculate the remainder when 118 is divided by (11 - (-236)/(-16))*-4.
13
Let k be -2 - (1 - -4)*8/(-5). Suppose -k*g - 6 + 18 = 0. Let i(z) = 7*z + 3. Calculate the remainder when 67 is divided by i(g).
16
Let d(k) = 9*k**2 - 93*k - 23. Let b(s) = -4*s - 1. Let h be b(-3). Calculate the remainder when 99 is divided by d(h).
13
Let f(m) = m**3 + 2*m**2 + m - 1. Let p = -49 - -25. Let y = 22 - p. Calculate the remainder when y is divided by f(2).
12
Let k(l) = -1418*l - 1369. Let h be (-9 - -1)*21/12. What is the remainder when (-6)/(-21) - 3370/h is divided by k(-1)?
45
Let j = -991 - -1189. What is the remainder when j is divided by 24?
6
Suppose -8*j + 9105 = 5*g, -5*j + 4*g + 7015 = 1360. What is the remainder when 2286 is divided by j?
16
Suppose 106*h - 75406 - 57639 = 4225. What is the remainder when h is divided by 31?
24
Let w(i) = -i**3 + 7*i**2 + i - 7. Let a = 149 - 145. Suppose 4*x + 3*u - 25 = 3*x, -3*u + 100 = a*x. What is the remainder when w(5) is divided by x?
23
Let u(h) be the first derivative of h**4/4 + 13*h**3/3 + 20*h**2 + 62. Calculate the remainder when 53 is divided by u(-7).
11
Let y = -172 - -165. What is the remainder when ((-15)/10 + y)/(2/(-68)) is divided by 29?
28
Let b(s) = -s**2 - 4*s + 17. Let c be b(-6). Suppose -c*l - 5*a + 400 = 0, 5*l - 4*a = -36 + 463. Calculate the remainder when l is divided by 35.
13
Let o(g) = 225*g**2 - 1120*g - 11. Calculate the remainder when 202 is divided by o(5).
6
Let j(v) = -v**3 + 8*v**2 - 102*v + 1036. Suppose 0 = a + 2, -5*k - 5*a + 220 = -300. Calculate the remainder when k is divided by j(9).
32
Suppose -1270 = -3*v - 18*y + 20*y, -1277 = -3*v + y. What is the remainder when 1349 is divided by v?
65
Calculate the remainder when ((-13742)/(-20) + (-40)/25)*(-28)/(-6) is divided by 25.
24
What is the remainder when 232 is divided by ((-20)/(-16))/((-20)/(-156)) + 11/44?
2
Let t(x) = -1823*x**3 - 1854*x**3 + 2*x + 3678*x**3 + 161. Let w be 1*2/(-4)*0. What is the remainder when t(w) is divided by 33?
29
Suppose 194*q - 2755 = 165*q. Calculate the remainder when q is divided by 41.
13
Suppose s - 19*t = -13*t + 572, 5*t + 1807 = 3*s. What is the remainder when s is divided by 214?
186
Let c(p) = 2*p**3 - 3*p**2 + 3*p + 7. Let g be c(3). Let j = 47 - g. Calculate the remainder when 32 is divided by j.
0
Let n = 728 + -1055. Let f = -318 - n. What is the remainder when 42 is divided by f?
6
Let v = -8647 + 8699. Calculate the remainder when 923 is divided by v.
39
Let z be 15 + -7 + 8/(-2). Suppose f - n - 285 = 0, -z*f + 0*f + 2*n + 1150 = 0. What is the remainder when f is divided by 49?
45
Let s = -19 + 47. Suppose -3 = -3*k - 9, 4*r + k = 66. Calculate the remainder when s is divided by r.
11
Let v(q) = -73*q - 3612. Let m = 52 + -18. Let g = -24 + m. Calculate the remainder when v(-50) is divided by g.
8
Let l(u) = 3*u - 5. Let w be (24/15)/(4/10). Let s(d) = 24*d**3 + 3*d**2 - 14*d + 13. What is the remainder when s(1